) + 7 + 24 + 71
76
32 + (-34 - 53 - -23)
-32
Evaluate 24 - ((-19 - (-2 + -14)) + 56).
-29
What is 4 - 5 - 1 - (-90 - (-177 + -43))?
-132
Evaluate 7 - -87 - (22 - 17).
89
-274 + -35 + 129 + 97
-83
What is (-68 + 104 - 61) + -59?
-84
What is the value of (-3 - -57) + (-82 + 59 - -7)?
38
What is the value of 19 + -52 + 38 - (-2 + -8) - -19?
34
Calculate -3 - 90 - ((-16 - -1) + 8).
-86
(-2 - (-57 - -100)) + 1 + -5 - (-5 + -1)
-43
What is the value of -2 + 31 - (410 + -381)?
0
What is the value of -48 + 0 + -516 + 648 + -16?
68
What is the value of -4 + -21 - (0 + -24 - -8 - -30)?
-39
What is the value of (-3407 - -3393) + (1 - 3) + -1?
-17
What is the value of -87 + (42 - -29) + -5 + (-64 - -4)?
-81
Calculate (2 + 1 - 5 - 8) + (-5 + 18 - 7).
-4
What is 18 - 32 - -25 - (25 - 28)?
14
What is the value of 6 + -6 + 6 - (3 - (-17 + -52 + 13))?
-53
Evaluate 4 + (-10 - 6) + (34 - 7) + 38.
53
What is the value of (-71 - (-109 + 67)) + -5 + 51?
17
(-2 - (-31 - -65)) + 8 - 57
-85
Calculate -33 - ((4 - 24 - -8) + 9 + -5).
-25
What is -58 + 2 + 6 + 28 + 45?
23
-50 + 44 + -40 + 19
-27
(210 - (80 - 108)) + -109
129
-7 + -31 + 21 + 8 + 20
11
(4 - 0) + (348 - 400)
-48
What is 14 + 95 + 0 + 13 + (-156 - -150)?
116
What is the value of -686 + -333 + 950 + (1 - 0) + 0?
-68
What is the value of 11 - (9 + 25 + (17 - -7))?
-47
(7 + -4 - -5) + 6 - (29 + -43)
28
What is the value of (6 - (-7 - -1 - (0 - 58))) + (34 - 21)?
-33
Calculate 8 + (-91 + 21 + 10 - (0 + -8)).
-44
Calculate (-6 - (0 + 1 + -1)) + -1709 + 1719.
4
What is the value of 29 - (26 + -61 + 51)?
13
-407 + 740 + -433 + (-1 - -10 - (-1 + 2))
-92
95 + -83 - -7 - (-1 - -11)
9
What is (0 - (-6 - -3) - 12) + (34 - -1) + -26?
0
What is the value of -18 - 8 - (-7 + -10 - 7 - (-13 - -3))?
-12
Calculate 1 + (1 - (-16 + 8)) - 22 - 9 - 3.
-24
(-234 - -211) + 95 + 10
82
Evaluate 2 + 5 - (74 - (42 + -97 + 38)).
-84
What is 59 + (23 + -97 - -90)?
75
-4 - (14 - (51 + (9 - 30)))
12
(8 - (-14 - -9)) + 0 + 5 + -41
-23
-4 + 14 - 2 - (95 + (-4 + 11 - 4))
-90
What is the value of 15 - 34 - -17 - (-52 + -8 + 5)?
53
What is the value of 44 + (0 - (-41 - -45))?
40
What is the value of -31 - -32 - -49 - (-2 - 0)?
52
What is 13 - (13 + -14) - (-86 + 88)?
12
Calculate 2 + (9 + -3 + -62 - -3) - (40 - 49).
-42
-57 + 67 + 4 + -4 - (2 - 16)
24
What is -1 - (-37 + 44 + -46 + -19)?
57
Evaluate (12 - 0) + -60 + (-30 - -44) - 5.
-39
Evaluate -32 - (-4 + (12 + -30 - -27)).
-37
What is (6 - -1) + -2 - (-7 - (-57 + 81))?
36
13 + -2 - (-17 - 56 - (6 + -34))
56
What is the value of -143 + -39 + 14 + 128?
-40
What is -19 - (1 + -39 - (43 - 18))?
44
Evaluate 22 + -9 - (-32 - (-125 + 29)).
-51
-10 + 9 + 4 + (-6 - -2) + 11
10
Calculate (1 - (31 - 23 - (27 - -3))) + -13 - 134.
-124
What is the value of (4 - 11) + 3 + 7 + -27?
-24
What is 106 - (133 - 115) - 46?
42
0 + (-10 - 4) + 7 + (128 - 172)
-51
Evaluate (7 - 7 - 35) + -1857 + 1952.
60
Evaluate -17 - (15 + -20 - (12 - (22 + -23))).
1
Evaluate 20 - (-13 + (-19 - -53) + 39 - 10).
-30
Evaluate 50 - -8 - (-1177 + 1165).
70
What is 1 - 4 - (-1802 + 1689)?
110
What is -3 + (-11 - 28) + 0 - (17 - 3)?
-56
What is the value of 1 - -37 - (336 - (-143 + 413))?
-28
What is -24 + 18 + 39 + (-8 - 28)?
-3
What is 17 + 10 + (-79 - -42)?
-10
What is (95 - 1) + (149 - 150) + 21?
114
Evaluate 35 - ((18 - 25) + 12) - 19.
11
What is 37 - (8 - 65) - 44?
50
-19 + (3 - (1 - 1)) - (-112 - -114)
-18
What is -1024 + 1018 + (34 + 0 - 1) + 3?
30
What is the value of -29 + 16 + (1 - -1 - 9) - (-6 - -12)?
-26
-5 - -11 - (2 + -6 + 0) - 79
-69
93 + -66 + 51 + -77
1
Evaluate 4 + (-23 - -15) + (-2 - 5) + -72 + 10.
-73
2 - 135 - (-53 + 99 - 7 - 60)
-112
-13 + 0 - (0 - (-5 - (-1 - 3)))
-14
2 + (-10 - (-25 + (-4 - 2) - (5 + -16)))
12
What is the value of (-7 - (8 + -11 + -20)) + -29 - -54?
41
What is (12 - 150 - 92) + 119?
-111
Evaluate 2 + (3 - -18) + (294 - 257).
60
-14 - (-8 + 21 - 12 - 113)
98
Calculate -4 + 102 - 16 - ((30 - 30) + -1 + 2).
81
What is -38 - ((16 - -93) + -185)?
38
Calculate -7 + 0 - (-18 - (34 + -1 + -4)).
40
Calculate 0 - (-79 + 72 + (0 - -7)).
0
Calculate -18 + (-3 - (-3 + -30)) - (129 - (-8 - -4)).
-121
What is the value of -23 + 14 + 2 - 22 - (-4 + 1)?
-26
9 + 3 + -7 + -3 - (15 - 13)
0
What is 7 - (10 + 1 + (44 + -44 - (-5 - -3)))?
-6
What is 0 - 77 - (-31 - (44 + -53))?
-55
Calculate 32 + (4 + 3 - (15 - (-21 + 39))).
42
54 + (0 + 15 - 9 - -29)
89
What is the value of 22 + (-6 - (126 - 20) - 16) + 14?
-92
Calculate (-68 - (-34 - 55)) + (-10 - (-9 - -13)).
7
What is (7 + -2 + 21 - 16) + 2 + 4?
16
Evaluate (-11 - 17) + 19 + 14.
5
What is the value of 36 + 6 + -70 + -26?
-54
What is the value of -317 - -277 - (-1 - (4 - (-2 + 2)) - -2)?
-37
Calculate (-33 + 125 - 30) + -39.
23
(10 - 39) + 34 - (-23 - -3)
25
What is the value of 51 + 0 + 37 + 17 + -72?
33
-6 - (-15 + -14 + -8 + -3 + -52)
86
What is the value of (26 - (-9 + 34) - 33) + 110?
78
What is the value of 102 - ((-27 - -15) + 26 + (-23 - 0) + 19)?
92
What is the value of 17 + -4 + 20 - 75?
-42
Evaluate -10 + (80 - 80) + 2 + -3.
-11
What is the value of (-9 - (36 + -57 - (-19 - 2))) + 18?
9
-3 + 1 + -196 + (49 - -153)
4
What is 92 + (70 + -287 - 17)?
-142
Evaluate -5 - 86 - (15 - (-20 + 2 + 9)).
-115
What is -2 - -29 - (17 - (49 + -46))?
13
Calculate 75 + (-107 - -11) + 88.
67
Evaluate 151 + -77 - 55 - -39.
58
-94 + -57 + 170 - ((-36 - 2) + 2)
55
Evaluate 7 + (-15 - -1 - -5) + 2 + (3 - 65).
-62
What is the value of (-214 + 224 - (-2 + 5)) + -97 + (-3 - -6)?
-87
13 + -6 - (7 + -16 + 20 + -92 + -1)
89
Evaluate -3 + -7 + -16 - (0 - 5) - 5.
-26
Calculate (46 - 9) + -18 + 9 - (19 - 11).
20
What is the value of -67 + (-89 - -80 - (-23 + 9))?
-62
Calculate -2 - (16 + 69 + -20 + 1 + 14).
-82
What is the value of 9 - ((83 - 80) + (-6 - -2 - -34))?
-24
What is 24 + (-28 + 108 - 109)?
-5
What is (-52 - 9) + 16 + 62?
17
-2 - 0 - -12 - (19 - (-8 + 14)) - 43
-46
Evaluate (-10420 - -10424) + (2 + (70 - -1) - (7 + -4)).
74
What is the value of (7 - 11 - -5) + -15 + 110 + 7 + -4?
99
Evaluate -62 + (3 - 1) + -819 + 844.
-35
Calculate -54 - (-1 - (21 - (-2 + -1)) - -12).
-41
What is (-6 + -8 - -42) + (35 - 42)?
21
-27 + (5 + 2 - -36)
16
What is the value of 54 + 3 - 45 - -21?
33
Calculate 2 + -16 + (44 - 72) - -5.
-37
What is the value of (-6 - -17 - -4) + (-17 - (4 - 26))?
20
Evaluate 9 + (1 - 1) + -1383 + 1375 - (-43 + 0).
44
Evaluate (-1 - -10) + (16 - (29 + -14)) - (66 - 98).
42
Evaluate (10016 - 10002) + (-12 - 1).
1
Evaluate -29 - -52 - (21 - 17 - -25).
-6
Evaluate 67 + -80 + (25 - 89).
-77
2 + 6 - (-21 - (8 + -43)) - 0
-6
Calculate 7 + 10 - (1722 - 1767).
62
Calculate -146 + 200 - (3 - (1 + -4 + (-5 - 0))).
43
What is the value of -117 - ((61 - -55) + -338)?
105
Calculate (-17 - -4 - (-7 + 45)) + (4 - 1).
-48
What is -69 + (77 - 147 - -109)?
-30
(-16 + -11 + 31 - -8) + -41 + 2
-27
What is the value of (63 - 0) + (-381 - -367)?
49
Evaluate (203 - (372 - 174)) + (2 - 1) + 1.
7
-47 + 19 - 18 - (-2 + -5 + 3 + 5)
-47
What is the value of -3 - (-55 - -84) - 11?
-43
What is (-9 - (28 - (10 + 5))) + -13 + 1 - 9?
-43
What is (-2 - 21) + (-3537 - -3543)?
-17
What is (55 - 13) + (-121 - -37)?
-42
Calculate 45 - (-36 - (-42 + -29)).
10
What is the value of -1 + -58 + -1 - (12508 - 12490)?
-78
Calculate 13 + 6 + -9 + -4 + 11 + -9.
8
What is the value of (1 - -82 - (130 - 148) - 3) + -9?
89
What is the value of (-41 - -14) + 116 + -8?
81
What is (-44 - 36) + -14 + (-13 + (12 - 3) - -8)?
-90
-13 + 8 + 14 - (-4 - 1) - (3 - 9)
20
Evaluate 523 - 437 - (-32 + 94).
24
What is -21 - (8 - (16 + 24 + 16))?
27
What is (0 - -1) + 15 + -1 + 26 + (-194 - -166)?
13
What is (1 + -4 - ((-4 - 9) + 15)) + 127 + -128?
-6
Evaluate 35 - (-9 + (37 + -17 - -6)).
18
What is -73 + 71 - 55 - -87?
30
What is -4 - (0 - (-3 + -1)) - (113 + 59 - 110)?
-70
Calculate -83 - (-89 - (30 + -23)).
13
What is (0 - (0 - -8)) + 4 + 34 + 3?
33
What is the value of -13 + 0 + (34 - -17) - 1 - -6?
43
-40 + 146 + 225 + -318
13
-2 + 1 + 22 + 8 + (-28 - (11 + -23))
13
What is the value of (-8 - -199) + 776 + -897?
70
Calculate -47 - -46 - 26 - 17.
-44
What is the value of -7 - (13 - 63 - -9) - -5?
39
Evaluate -49 - (12 + -40 + -23) - 79.
-77
Calculate (-28 - (-66 - 24)) + 29.
91
What is -1 + 2 - (-16 - (0 + 19 + -3 - 26))?
